{"id":1564,"date":"2019-04-24T01:55:53","date_gmt":"2019-04-23T23:55:53","guid":{"rendered":"https:\/\/france-ohada-droit.com\/?page_id=1564"},"modified":"2021-11-26T10:41:17","modified_gmt":"2021-11-26T09:41:17","slug":"maitre-patricia-suid-vanhemelryck","status":"publish","type":"page","link":"https:\/\/france-ohada-droit.com\/index.php\/maitre-patricia-suid-vanhemelryck\/","title":{"rendered":"Ma\u00eetre Patricia SUID-VANHEMELRYCK"},"content":{"rendered":"<p class=\"s8\" style=\"text-align: justify;\">Plus de vingt ans de barreau, et toujours cette passion pour tous les aspects juridiques de la famille, de la PME, et sp\u00e9cialement la <span class=\"s7\">PME de famille<\/span>. Dans le site, elle suit aussi certaines questions relatives au droit <span class=\"s7\">Ohada<\/span>, aux fonds de commerce et aux voies d\u2019ex\u00e9cution. \u00a0Lorsqu\u2019une lecture ou une jurisprudence lui semble int\u00e9ressante, elle essaye de la partager avec nos lecteurs par une recension argument\u00e9e, si possible en duo. De m\u00eame, chaque fois qu\u2019elle assiste \u00e0 une conf\u00e9rence int\u00e9ressante, elle r\u00e9dige un compte rendu d\u2019initi\u00e9, dont nos lecteurs appr\u00e9cient la technique scrupuleuse associ\u00e9e \u00e0 une certaine personnalisation. Son commentaire sur le colloque <span class=\"s7\">Ohada <\/span>des 20-21 nov. 2013, \u00e0 \u00a0l\u2019IMERA de Marseille, repris ici, \u00a0<a href=\"https:\/\/france-ohada-droit.com\/index.php\/category\/livres-theses-colloques\/\"><span class=\"s9\">La fonction \u00e9conomique du droit : regards crois\u00e9s sur 20 ans de l\u2019OHADA<\/span><\/a>, avait valu \u00e0 l\u2019ancienne version du site son record de clics\u00a0: plus de 10.000\u00a0!<\/p>\n<p class=\"s8\" style=\"text-align: justify;\">En plus de sa routine professionnelle, Ma\u00eetre SUID-VANHEMELRYCK d\u00e9fend parfois avec d\u00e9termination des causes qui ont l\u2019allure de <span class=\"s7\">Cosette <\/span>du 21<span class=\"s10\">e<\/span> si\u00e8cle, \u00a0des causes plus ou moins orphelines&#8230; C\u2019est ainsi que, avec Ma\u00eetre Edith FARAUT, elle avait \u00a0attir\u00e9 l\u2019attention de toute la France en d\u00e9non\u00e7ant l\u2019\u00e9tat inacceptable du parc <span class=\"s7\">HLM de Nice &#8211; l\u2019Ariane\u00a0<\/span>; cette d\u00e9nonciation, appuy\u00e9e par un recours en justice au nom de plusieurs centaines de familles, \u00a0 fut massivement relay\u00e9e par des reportages TV poignants\u00a0; l\u2019aboutissement fut une am\u00e9lioration spectaculaire de l\u2019entretien et \u00a0de la gestion du parc de logements sociaux C\u00f4te D\u2019Azur Habitat de la ville de Nice. Sa pr\u00e9paration de la d\u00e9fense dans \u00ab\u00a0l\u2019Affaire CORREGES\u00a0\u00bb a \u00e9t\u00e9 film\u00e9e et diffus\u00e9e \u00a0sur France TV en 2009, dans l\u2019\u00e9mission \u00ab\u00a0VERDICT\u00a0\u00bb (saison 5- \u00e9pisode 20)\u00a0; elle concernait le d\u00e9c\u00e8s d\u2019un SDF. Pour SOS Racisme, dont elle est l\u2019un des avocats, elle a obtenu, la condamnation de Monsieur <span class=\"s7\">Jean Marie LE PEN<\/span> pour ses propos qualifiant la pr\u00e9sence de Roms \u00a0<span class=\"s7\">de (mal) odorante et<\/span> <span class=\"s7\">d\u2019urticante<\/span>\u00a0: <a href=\"https:\/\/youtu.be\/zA-NgfqXsHA\"><span class=\"s9\">voir une vid\u00e9o.<\/span><\/a><\/p>\n<p>&nbsp;<\/p>\n<p class=\"s8\"><img loading=\"lazy\" class=\"alignleft wp-image-1958 size-large\" src=\"https:\/\/france-ohada-droit.com\/wp-content\/uploads\/2020\/01\/France-ohada-b50afa5e-d420-4767-a4b6-442877e78d0a-491x1024.jpg\" alt=\"\" width=\"491\" height=\"1024\" srcset=\"https:\/\/france-ohada-droit.com\/wp-content\/uploads\/2020\/01\/France-ohada-b50afa5e-d420-4767-a4b6-442877e78d0a-491x1024.jpg 491w, https:\/\/france-ohada-droit.com\/wp-content\/uploads\/2020\/01\/France-ohada-b50afa5e-d420-4767-a4b6-442877e78d0a-144x300.jpg 144w, https:\/\/france-ohada-droit.com\/wp-content\/uploads\/2020\/01\/France-ohada-b50afa5e-d420-4767-a4b6-442877e78d0a-768x1602.jpg 768w, https:\/\/france-ohada-droit.com\/wp-content\/uploads\/2020\/01\/France-ohada-b50afa5e-d420-4767-a4b6-442877e78d0a-70x146.jpg 70w, https:\/\/france-ohada-droit.com\/wp-content\/uploads\/2020\/01\/France-ohada-b50afa5e-d420-4767-a4b6-442877e78d0a-24x50.jpg 24w, https:\/\/france-ohada-droit.com\/wp-content\/uploads\/2020\/01\/France-ohada-b50afa5e-d420-4767-a4b6-442877e78d0a-36x75.jpg 36w, https:\/\/france-ohada-droit.com\/wp-content\/uploads\/2020\/01\/France-ohada-b50afa5e-d420-4767-a4b6-442877e78d0a.jpg 1500w\" sizes=\"(max-width: 491px) 100vw, 491px\" \/><\/p>\n<p>&nbsp;<\/p>\n<p style=\"font-weight: 400;\"><strong>Ma\u00eetre Patricia\u00a0SUID-VANHEMELRYCK<\/strong><\/p>\n<p style=\"font-weight: 400;\"><strong><em>Avocat\u00a0<\/em><\/strong><\/p>\n<p style=\"font-weight: 400;\"><strong>22 rue Pertinax 06000 Nice<\/strong>&#8211; FRANCE<\/p>\n<p style=\"font-weight: 400;\">MOBILE\u00a0<a href=\"tel:06%2007%2042%2026%2011\">06 07 42 26 11<\/a><\/p>\n<p style=\"font-weight: 400;\">E-mail :\u00a0<a href=\"mailto:suidpat@gmail.com\">suidpat@gmail.com<\/a><\/p>\n<p><img loading=\"lazy\" class=\"alignnone size-medium wp-image-1957\" src=\"https:\/\/france-ohada-droit.com\/wp-content\/uploads\/2020\/01\/France-ohada-9559d9f1-66b6-453e-85ac-6de2e6f011be-300x225.jpg\" alt=\"\" width=\"300\" height=\"225\" srcset=\"https:\/\/france-ohada-droit.com\/wp-content\/uploads\/2020\/01\/France-ohada-9559d9f1-66b6-453e-85ac-6de2e6f011be-300x225.jpg 300w, https:\/\/france-ohada-droit.com\/wp-content\/uploads\/2020\/01\/France-ohada-9559d9f1-66b6-453e-85ac-6de2e6f011be-768x576.jpg 768w, https:\/\/france-ohada-droit.com\/wp-content\/uploads\/2020\/01\/France-ohada-9559d9f1-66b6-453e-85ac-6de2e6f011be-1024x768.jpg 1024w, https:\/\/france-ohada-droit.com\/wp-content\/uploads\/2020\/01\/France-ohada-9559d9f1-66b6-453e-85ac-6de2e6f011be-195x146.jpg 195w, https:\/\/france-ohada-droit.com\/wp-content\/uploads\/2020\/01\/France-ohada-9559d9f1-66b6-453e-85ac-6de2e6f011be-50x38.jpg 50w, https:\/\/france-ohada-droit.com\/wp-content\/uploads\/2020\/01\/France-ohada-9559d9f1-66b6-453e-85ac-6de2e6f011be-100x75.jpg 100w, https:\/\/france-ohada-droit.com\/wp-content\/uploads\/2020\/01\/France-ohada-9559d9f1-66b6-453e-85ac-6de2e6f011be.jpg 1500w\" sizes=\"(max-width: 300px) 100vw, 300px\" \/><img loading=\"lazy\" class=\"alignnone size-medium wp-image-1956\" src=\"https:\/\/france-ohada-droit.com\/wp-content\/uploads\/2020\/01\/France-ohada-4790e9e9-e4f6-4b9a-b2c3-3ea597c959b8-300x225.jpg\" alt=\"\" width=\"300\" height=\"225\" srcset=\"https:\/\/france-ohada-droit.com\/wp-content\/uploads\/2020\/01\/France-ohada-4790e9e9-e4f6-4b9a-b2c3-3ea597c959b8-300x225.jpg 300w, https:\/\/france-ohada-droit.com\/wp-content\/uploads\/2020\/01\/France-ohada-4790e9e9-e4f6-4b9a-b2c3-3ea597c959b8-768x576.jpg 768w, https:\/\/france-ohada-droit.com\/wp-content\/uploads\/2020\/01\/France-ohada-4790e9e9-e4f6-4b9a-b2c3-3ea597c959b8-1024x768.jpg 1024w, https:\/\/france-ohada-droit.com\/wp-content\/uploads\/2020\/01\/France-ohada-4790e9e9-e4f6-4b9a-b2c3-3ea597c959b8-195x146.jpg 195w, https:\/\/france-ohada-droit.com\/wp-content\/uploads\/2020\/01\/France-ohada-4790e9e9-e4f6-4b9a-b2c3-3ea597c959b8-50x38.jpg 50w, https:\/\/france-ohada-droit.com\/wp-content\/uploads\/2020\/01\/France-ohada-4790e9e9-e4f6-4b9a-b2c3-3ea597c959b8-100x75.jpg 100w, https:\/\/france-ohada-droit.com\/wp-content\/uploads\/2020\/01\/France-ohada-4790e9e9-e4f6-4b9a-b2c3-3ea597c959b8.jpg 1500w\" sizes=\"(max-width: 300px) 100vw, 300px\" \/><\/p>\n","protected":false},"excerpt":{"rendered":"<p>Plus de vingt ans de barreau, et toujours cette passion pour tous les aspects juridiques de la famille, de la PME, et sp\u00e9cialement la PME de famille. Dans le site, elle suit aussi certaines questions relatives au droit Ohada, aux fonds de commerce et aux voies d\u2019ex\u00e9cution. \u00a0Lorsqu\u2019une lecture ou une jurisprudence lui semble int\u00e9ressante, elle essaye de la partager avec nos lecteurs par une recension argument\u00e9e, si possible en duo. De<span class=\"excerpt-hellip\"> [\u2026]<\/span><\/p>\n","protected":false},"author":2,"featured_media":0,"parent":0,"menu_order":0,"comment_status":"closed","ping_status":"closed","template":"","meta":[],"yoast_head":"<!-- This site is optimized with the Yoast SEO plugin v18.4.1 - https:\/\/yoast.com\/wordpress\/plugins\/seo\/ -->\n<title>Ma\u00eetre Patricia SUID-VANHEMELRYCK - France Ohada Droit<\/title>\n<meta name=\"robots\" content=\"index, follow, max-snippet:-1, max-image-preview:large, max-video-preview:-1\" \/>\n<link rel=\"canonical\" href=\"https:\/\/france-ohada-droit.com\/index.php\/maitre-patricia-suid-vanhemelryck\/\" \/>\n<meta property=\"og:locale\" content=\"fr_FR\" \/>\n<meta property=\"og:type\" content=\"article\" \/>\n<meta property=\"og:title\" content=\"Ma\u00eetre Patricia SUID-VANHEMELRYCK - France Ohada Droit\" \/>\n<meta property=\"og:description\" content=\"Plus de vingt ans de barreau, et toujours cette passion pour tous les aspects juridiques de la famille, de la PME, et sp\u00e9cialement la PME de famille. Dans le site, elle suit aussi certaines questions relatives au droit Ohada, aux fonds de commerce et aux voies d\u2019ex\u00e9cution. \u00a0Lorsqu\u2019une lecture ou une jurisprudence lui semble int\u00e9ressante, elle essaye de la partager avec nos lecteurs par une recension argument\u00e9e, si possible en duo. De [\u2026]\" \/>\n<meta property=\"og:url\" content=\"https:\/\/france-ohada-droit.com\/index.php\/maitre-patricia-suid-vanhemelryck\/\" \/>\n<meta property=\"og:site_name\" content=\"France Ohada Droit\" \/>\n<meta property=\"article:modified_time\" content=\"2021-11-26T09:41:17+00:00\" \/>\n<meta property=\"og:image\" content=\"https:\/\/france-ohada-droit.com\/wp-content\/uploads\/2020\/01\/France-ohada-b50afa5e-d420-4767-a4b6-442877e78d0a-491x1024.jpg\" \/>\n<meta name=\"twitter:card\" content=\"summary_large_image\" \/>\n<meta name=\"twitter:label1\" content=\"Dur\u00e9e de lecture estim\u00e9e\" \/>\n\t<meta name=\"twitter:data1\" content=\"3 minutes\" \/>\n<script type=\"application\/ld+json\" class=\"yoast-schema-graph\">{\"@context\":\"https:\/\/schema.org\",\"@graph\":[{\"@type\":\"WebSite\",\"@id\":\"https:\/\/france-ohada-droit.com\/#website\",\"url\":\"https:\/\/france-ohada-droit.com\/\",\"name\":\"France Ohada Droit\",\"description\":\"Article de droit\",\"potentialAction\":[{\"@type\":\"SearchAction\",\"target\":{\"@type\":\"EntryPoint\",\"urlTemplate\":\"https:\/\/france-ohada-droit.com\/?s={search_term_string}\"},\"query-input\":\"required name=search_term_string\"}],\"inLanguage\":\"fr-FR\"},{\"@type\":\"ImageObject\",\"@id\":\"https:\/\/france-ohada-droit.com\/index.php\/maitre-patricia-suid-vanhemelryck\/#primaryimage\",\"inLanguage\":\"fr-FR\",\"url\":\"https:\/\/france-ohada-droit.com\/wp-content\/uploads\/2020\/01\/France-ohada-b50afa5e-d420-4767-a4b6-442877e78d0a.jpg\",\"contentUrl\":\"https:\/\/france-ohada-droit.com\/wp-content\/uploads\/2020\/01\/France-ohada-b50afa5e-d420-4767-a4b6-442877e78d0a.jpg\",\"width\":1500,\"height\":3128},{\"@type\":\"WebPage\",\"@id\":\"https:\/\/france-ohada-droit.com\/index.php\/maitre-patricia-suid-vanhemelryck\/#webpage\",\"url\":\"https:\/\/france-ohada-droit.com\/index.php\/maitre-patricia-suid-vanhemelryck\/\",\"name\":\"Ma\u00eetre Patricia SUID-VANHEMELRYCK - France Ohada Droit\",\"isPartOf\":{\"@id\":\"https:\/\/france-ohada-droit.com\/#website\"},\"primaryImageOfPage\":{\"@id\":\"https:\/\/france-ohada-droit.com\/index.php\/maitre-patricia-suid-vanhemelryck\/#primaryimage\"},\"datePublished\":\"2019-04-23T23:55:53+00:00\",\"dateModified\":\"2021-11-26T09:41:17+00:00\",\"breadcrumb\":{\"@id\":\"https:\/\/france-ohada-droit.com\/index.php\/maitre-patricia-suid-vanhemelryck\/#breadcrumb\"},\"inLanguage\":\"fr-FR\",\"potentialAction\":[{\"@type\":\"ReadAction\",\"target\":[\"https:\/\/france-ohada-droit.com\/index.php\/maitre-patricia-suid-vanhemelryck\/\"]}]},{\"@type\":\"BreadcrumbList\",\"@id\":\"https:\/\/france-ohada-droit.com\/index.php\/maitre-patricia-suid-vanhemelryck\/#breadcrumb\",\"itemListElement\":[{\"@type\":\"ListItem\",\"position\":1,\"name\":\"Accueil\",\"item\":\"https:\/\/france-ohada-droit.com\/\"},{\"@type\":\"ListItem\",\"position\":2,\"name\":\"Ma\u00eetre Patricia SUID-VANHEMELRYCK\"}]}]}<\/script>\n<!-- \/ Yoast SEO plugin. -->","yoast_head_json":{"title":"Ma\u00eetre Patricia SUID-VANHEMELRYCK - France Ohada Droit","robots":{"index":"index","follow":"follow","max-snippet":"max-snippet:-1","max-image-preview":"max-image-preview:large","max-video-preview":"max-video-preview:-1"},"canonical":"https:\/\/france-ohada-droit.com\/index.php\/maitre-patricia-suid-vanhemelryck\/","og_locale":"fr_FR","og_type":"article","og_title":"Ma\u00eetre Patricia SUID-VANHEMELRYCK - France Ohada Droit","og_description":"Plus de vingt ans de barreau, et toujours cette passion pour tous les aspects juridiques de la famille, de la PME, et sp\u00e9cialement la PME de famille. Dans le site, elle suit aussi certaines questions relatives au droit Ohada, aux fonds de commerce et aux voies d\u2019ex\u00e9cution. \u00a0Lorsqu\u2019une lecture ou une jurisprudence lui semble int\u00e9ressante, elle essaye de la partager avec nos lecteurs par une recension argument\u00e9e, si possible en duo. De [\u2026]","og_url":"https:\/\/france-ohada-droit.com\/index.php\/maitre-patricia-suid-vanhemelryck\/","og_site_name":"France Ohada Droit","article_modified_time":"2021-11-26T09:41:17+00:00","og_image":[{"url":"https:\/\/france-ohada-droit.com\/wp-content\/uploads\/2020\/01\/France-ohada-b50afa5e-d420-4767-a4b6-442877e78d0a-491x1024.jpg"}],"twitter_card":"summary_large_image","twitter_misc":{"Dur\u00e9e de lecture estim\u00e9e":"3 minutes"},"schema":{"@context":"https:\/\/schema.org","@graph":[{"@type":"WebSite","@id":"https:\/\/france-ohada-droit.com\/#website","url":"https:\/\/france-ohada-droit.com\/","name":"France Ohada Droit","description":"Article de droit","potentialAction":[{"@type":"SearchAction","target":{"@type":"EntryPoint","urlTemplate":"https:\/\/france-ohada-droit.com\/?s={search_term_string}"},"query-input":"required name=search_term_string"}],"inLanguage":"fr-FR"},{"@type":"ImageObject","@id":"https:\/\/france-ohada-droit.com\/index.php\/maitre-patricia-suid-vanhemelryck\/#primaryimage","inLanguage":"fr-FR","url":"https:\/\/france-ohada-droit.com\/wp-content\/uploads\/2020\/01\/France-ohada-b50afa5e-d420-4767-a4b6-442877e78d0a.jpg","contentUrl":"https:\/\/france-ohada-droit.com\/wp-content\/uploads\/2020\/01\/France-ohada-b50afa5e-d420-4767-a4b6-442877e78d0a.jpg","width":1500,"height":3128},{"@type":"WebPage","@id":"https:\/\/france-ohada-droit.com\/index.php\/maitre-patricia-suid-vanhemelryck\/#webpage","url":"https:\/\/france-ohada-droit.com\/index.php\/maitre-patricia-suid-vanhemelryck\/","name":"Ma\u00eetre Patricia SUID-VANHEMELRYCK - France Ohada Droit","isPartOf":{"@id":"https:\/\/france-ohada-droit.com\/#website"},"primaryImageOfPage":{"@id":"https:\/\/france-ohada-droit.com\/index.php\/maitre-patricia-suid-vanhemelryck\/#primaryimage"},"datePublished":"2019-04-23T23:55:53+00:00","dateModified":"2021-11-26T09:41:17+00:00","breadcrumb":{"@id":"https:\/\/france-ohada-droit.com\/index.php\/maitre-patricia-suid-vanhemelryck\/#breadcrumb"},"inLanguage":"fr-FR","potentialAction":[{"@type":"ReadAction","target":["https:\/\/france-ohada-droit.com\/index.php\/maitre-patricia-suid-vanhemelryck\/"]}]},{"@type":"BreadcrumbList","@id":"https:\/\/france-ohada-droit.com\/index.php\/maitre-patricia-suid-vanhemelryck\/#breadcrumb","itemListElement":[{"@type":"ListItem","position":1,"name":"Accueil","item":"https:\/\/france-ohada-droit.com\/"},{"@type":"ListItem","position":2,"name":"Ma\u00eetre Patricia SUID-VANHEMELRYCK"}]}]}},"_links":{"self":[{"href":"https:\/\/france-ohada-droit.com\/index.php\/wp-json\/wp\/v2\/pages\/1564"}],"collection":[{"href":"https:\/\/france-ohada-droit.com\/index.php\/wp-json\/wp\/v2\/pages"}],"about":[{"href":"https:\/\/france-ohada-droit.com\/index.php\/wp-json\/wp\/v2\/types\/page"}],"author":[{"embeddable":true,"href":"https:\/\/france-ohada-droit.com\/index.php\/wp-json\/wp\/v2\/users\/2"}],"replies":[{"embeddable":true,"href":"https:\/\/france-ohada-droit.com\/index.php\/wp-json\/wp\/v2\/comments?post=1564"}],"version-history":[{"count":16,"href":"https:\/\/france-ohada-droit.com\/index.php\/wp-json\/wp\/v2\/pages\/1564\/revisions"}],"predecessor-version":[{"id":2872,"href":"https:\/\/france-ohada-droit.com\/index.php\/wp-json\/wp\/v2\/pages\/1564\/revisions\/2872"}],"wp:attachment":[{"href":"https:\/\/france-ohada-droit.com\/index.php\/wp-json\/wp\/v2\/media?parent=1564"}],"curies":[{"name":"wp","href":"https:\/\/api.w.org\/{rel}","templated":true}]}}